actor of 5452 and 7418809.
1363
What is the greatest common divisor of 27286665 and 525?
105
Calculate the greatest common factor of 1137 and 39899604.
1137
What is the highest common factor of 37050 and 873050?
950
Calculate the highest common factor of 1875 and 1888380.
15
Calculate the highest common factor of 67 and 10410527.
67
What is the greatest common factor of 103853 and 4913?
17
What is the greatest common divisor of 16 and 7816720?
16
Calculate the greatest common factor of 253669494 and 6.
6
Calculate the greatest common factor of 9 and 379247.
1
What is the highest common factor of 58772 and 2716?
28
What is the greatest common divisor of 120839294 and 1?
1
What is the greatest common divisor of 23066533 and 8947?
389
Calculate the greatest common divisor of 295659 and 17641.
13
Calculate the highest common factor of 928235 and 3190.
55
Calculate the highest common factor of 509040 and 230482.
1414
What is the highest common factor of 8541084 and 9?
3
What is the highest common divisor of 243 and 414607896?
81
Calculate the highest common factor of 3439293 and 3861.
429
What is the highest common divisor of 50 and 1071363175?
25
Calculate the highest common divisor of 38659590 and 54.
18
Calculate the greatest common factor of 130074789 and 78.
39
Calculate the greatest common divisor of 304 and 4206068.
76
Calculate the highest common divisor of 62973301 and 499.
499
Calculate the highest common divisor of 373828 and 336540.
316
Calculate the greatest common divisor of 1023237 and 209056.
47
What is the highest common divisor of 3983 and 9247?
7
What is the highest common divisor of 1638 and 7510815?
117
Calculate the highest common factor of 2510922 and 13776.
246
Calculate the greatest common factor of 4920 and 31210020.
2460
What is the highest common divisor of 138 and 16515173?
23
Calculate the highest common divisor of 728 and 403227136.
104
Calculate the highest common factor of 1197 and 9213323.
7
What is the highest common divisor of 135 and 99695?
5
Calculate the greatest common factor of 1111330 and 1210.
110
What is the highest common divisor of 65337 and 52548?
87
What is the greatest common factor of 1424798 and 108532?
1262
What is the highest common factor of 275 and 356225?
25
Calculate the highest common divisor of 5584456 and 234427.
653
Calculate the greatest common divisor of 128 and 8055712.
32
What is the highest common factor of 2713 and 215764890?
2713
What is the greatest common factor of 221 and 883207?
13
What is the highest common divisor of 3240 and 23317092?
108
What is the highest common factor of 1065 and 439935?
15
What is the greatest common divisor of 6420 and 56220?
60
What is the greatest common divisor of 3216288 and 32?
32
Calculate the greatest common divisor of 5201 and 49546212.
743
Calculate the greatest common divisor of 8 and 20227156.
4
What is the greatest common factor of 2595 and 9474864?
519
Calculate the highest common divisor of 12250 and 3166.
2
What is the highest common factor of 26070 and 23426502?
5214
What is the highest common divisor of 7267 and 3949894?
559
What is the greatest common factor of 831 and 3266938?
277
Calculate the greatest common divisor of 15279 and 691583563.
5093
Calculate the highest common divisor of 2235 and 56632665.
2235
What is the highest common divisor of 394540050 and 6450?
6450
What is the greatest common factor of 9605 and 3012015?
565
Calculate the greatest common divisor of 2295 and 4274395.
85
Calculate the greatest common factor of 11759 and 336806623.
1069
Calculate the greatest common divisor of 324256 and 36832.
32
Calculate the greatest common factor of 1731 and 624173789.
577
What is the highest common divisor of 160524 and 79794?
234
What is the greatest common divisor of 31597 and 250667?
19
What is the greatest common factor of 158512663 and 1591?
43
What is the greatest common divisor of 318505 and 1485?
55
Calculate the highest common factor of 18 and 788992092.
18
Calculate the highest common factor of 357685536 and 1508.
1508
Calculate the highest common divisor of 273675116 and 26.
26
Calculate the greatest common divisor of 166890 and 255.
15
What is the greatest common factor of 9359659 and 13301?
283
What is the highest common factor of 18913180 and 31460?
2860
Calculate the highest common divisor of 4216729 and 2057.
121
Calculate the greatest common divisor of 3624231 and 8151.
741
Calculate the highest common factor of 149178897 and 2898.
1449
What is the highest common factor of 15990 and 39274105?
2665
What is the greatest common factor of 12660 and 8246724?
2532
What is the highest common divisor of 294916678 and 42?
14
Calculate the highest common divisor of 524359 and 8174540.
803
What is the greatest common factor of 36675 and 83790?
45
What is the greatest common divisor of 1964 and 116441632?
1964
What is the greatest common factor of 1456 and 2616354?
26
Calculate the greatest common factor of 535020 and 237540.
2220
What is the highest common divisor of 33434856 and 76167?
2457
Calculate the greatest common divisor of 127232 and 158614.
142
Calculate the highest common divisor of 1173821 and 2783.
121
Calculate the highest common divisor of 832797 and 35973.
63
What is the greatest common divisor of 27523887 and 241?
241
Calculate the highest common divisor of 2054 and 932484163.
1027
Calculate the greatest common factor of 2455817 and 4095.
91
Calculate the highest common divisor of 1601416 and 200.
8
What is the greatest common divisor of 81 and 9110934?
27
What is the highest common factor of 8515179 and 297?
27
What is the greatest common factor of 407979 and 18359?
11
What is the greatest common divisor of 225 and 1212422850?
225
What is the greatest common factor of 3570234 and 384?
6
Calculate the highest common divisor of 132880 and 427680.
880
Calculate the greatest common factor of 10 and 63051955.
5
Calculate the highest common factor of 227302 and 638.
58
What is the highest common divisor of 250874820 and 630?
630
What is the greatest common factor of 35 and 197682065?
35
What is the highest common factor of 131345235 and 2205?
2205
Calculate the greatest common factor of 1918550 and 25640.
10
Calculate the highest common divisor of 9489734 and 478.
478
What is the greatest common factor of 1220 and 4892?
4
What is the greatest common divisor of 42665958 and 999?
333
Calculate the highest common factor of 56045272 and 93.
31
What is the highest common factor of 60812 and 36800?
92
What is the greatest common divisor of 146 and 10882475?
73
What is the greatest common factor of 448 and 4293808?
16
Calculate the highest common factor of 7330 and 689656977.
733
What is the highest common factor of 148545950 and 2450?
2450
What is the greatest common factor of 309862464 and 96?
96
Calculate the greatest common factor of 719786 and 16558.
974
Calculate the greatest common factor of 609 and 27896337.
21
What is the greatest common factor of 21553374 and 5978?
122
What is the highest common divisor of 2574 and 53967771?
1287
Calculate the highest common divisor of 388642 and 6743.
613
Calculate the greatest common factor of 9943 and 2362522.
163
Calculate the greatest common divisor of 1606 and 264406.
146
What is the highest common divisor of 2116 and 21204436?
2116
What is the greatest common factor of 5801866 and 1162?
1162
What is the highest common divisor of 298290 and 475800?
1830
What is the highest common factor of 390899 and 188?
47
What is the highest common factor of 11613 and 9616054?
49
Calculate the greatest common factor of 583 and 30724342.
11
Calculate the highest common divisor of 1738 and 1413346.
22
What is the highest common factor of 140304 and 3672?
24
What is the highest common factor of 363153974 and 328?
82
What is the greatest common factor of 18826007 and 37?
37
What is the greatest common factor of 509433 and 10152?
141
Calculate the greatest common divisor of 85448 and 19822.
22
What is the greatest common divisor of 544851755 and 35?
35
Calculate the greatest common divisor of 15269085 and 72.
9
What is the highest common factor of 265128 and 1752?
24
Calculate the greatest common factor of 19899 and 1144.
11
What is the highest common factor of 8246266 and 532?
26